lculate the remainder when 25 is divided by u.
1
Suppose 58 = 14*q - 558. Let a be 69/4 + (-3)/12. Let r = q - a. What is the remainder when r is divided by 4?
3
Suppose 40 = -5*m, m + 261 - 69 = 2*j. What is the remainder when 463 is divided by j?
3
What is the remainder when 100 is divided by 2*1*((-77)/(-2) + -12)?
47
Let q(z) = -179*z + 172. Calculate the remainder when q(-3) is divided by 119.
114
Let y = 58 + -53. Suppose -y*m + 81 = -59. Calculate the remainder when 100 is divided by m.
16
Suppose -7*p + 3108 = 7*p. Let k = -148 + p. What is the remainder when k is divided by (-62)/(-4) + 3/(-6)?
14
Suppose 3*h = -4*y + 1185, 3*y + 2*h - 172 = 717. Calculate the remainder when y is divided by 43.
39
Suppose -r + 4 = -43*u + 39*u, 0 = -3*r + 2*u + 22. What is the remainder when 204 is divided by r?
4
Suppose 92*w = 1653 + 371. Suppose -6*j + 8*j - 16 = 0. What is the remainder when w is divided by j?
6
Suppose -3660 = -26*q - 575 + 4429. Suppose -194 = -n - n. Calculate the remainder when q is divided by n.
95
Suppose 2*g - 2*a - 3462 = 0, 6*g - 10331 = -4*a - a. What is the remainder when g is divided by 11?
10
Suppose h - 220 = 4*d - 7*d, 1155 = 5*h + 4*d. Let t(v) = 283*v**2 + 251*v - 2. Calculate the remainder when (-3)/(-6) - h/(-2) is divided by t(-1).
28
Suppose 5*u + 3*u - 552 = 0. Let z = 577 + -540. What is the remainder when u is divided by z?
32
Suppose -958*r + 1148*r = 13490. Let v = 395 - -30. Calculate the remainder when v is divided by r.
70
Let j(p) = -p**2 - 8*p + 1. What is the remainder when 546 is divided by j(-5)?
2
Let d(u) = -u**3 - 2*u**2 - 226*u + 316. What is the remainder when d(-27) is divided by 202?
201
Suppose 0 = -x + 3*x - 4. Suppose 380 = 3*s + 5*m, -8*m + 249 = x*s - 9*m. What is the remainder when s is divided by 33?
26
Let a = -415 + 443. Suppose -5*c + 12 + 13 = 0. Suppose -5*y + 4*k + 560 = -k, -c = 5*k. What is the remainder when y is divided by a?
27
Suppose 36*o - 1584 = -32*o + 24*o. Let q = -19 + 28. Calculate the remainder when o is divided by q.
0
Let h be (10/4)/((-18)/36). Let i be (-24)/20*h - -2. Suppose 0 = -p + i - 5. Calculate the remainder when p is divided by 1.
0
Let f = 2885 - 2845. Calculate the remainder when 23117 is divided by f.
37
Let x(z) = -z**2 + 8*z + 106. Let f(n) = -n**3 - 7*n**2 - 7*n + 9. Let o be f(-5). Calculate the remainder when x(o) is divided by 15.
7
Let k(t) = -119*t - 4280. Calculate the remainder when 14 is divided by k(-36).
2
Let y(n) = 16*n**3 + 5*n**2 - 16*n + 4. Calculate the remainder when y(3) is divided by 89.
77
Let v = -1781 - -3574. Calculate the remainder when v is divided by 79.
55
Let c = 7807 - 6006. What is the remainder when c is divided by 22?
19
Let g be 0/1*(10/(-2))/10. Let h(j) = 3*j + 37. Suppose 2*p + 4*o - 306 = 0, 4 = 3*o - 2*o. Calculate the remainder when p is divided by h(g).
34
Suppose 28*q + 3772 = 4*p + 6*q, 1826 = 2*p + 4*q. Calculate the remainder when 5536 is divided by p.
10
Let g(k) = 28*k**3 + k**2 - k. Let j(x) = 3*x. Let i be j(1). Let p(m) = m**2 + m + 4. What is the remainder when g(1) is divided by p(i)?
12
Suppose -3*i = 37*p - 39*p - 85, 5*i = 5*p + 145. Calculate the remainder when 3697 is divided by i.
25
Let i(v) = -3*v**2 + 35*v - 63. Let d = -689 + 697. What is the remainder when 272 is divided by i(d)?
22
Suppose 3*d + 257 - 25 = y, 4*d + 681 = 3*y. What is the remainder when 2228 is divided by y?
221
Suppose -13*g - 182 = -1001. Suppose -64*f + 13 = -g*f. What is the remainder when 23 is divided by f?
10
Let l = -7505 + 9382. What is the remainder when l is divided by 171?
167
Let a(t) = 77*t**2 - 2. Let x be a(1). Suppose 0 = 8*g - x - 837. Calculate the remainder when g is divided by 9.
6
Let o be (2296/35 - -1)*20/3. Suppose 19*p - 22*p - 3 = 0, 3*f + 3*p = o. What is the remainder when f is divided by 19?
16
Suppose -5*x = 3 - 28. Suppose -q - w = -3, q + 11 = x*q + 5*w. Suppose q*g - 9*g = -25. Calculate the remainder when g is divided by 4.
1
Let y(i) = 16*i + 9. Let d be y(-4). Suppose 0 = -o - 0 - 4, -128 = -t + 5*o. What is the remainder when t is divided by (-528)/d + 4/10?
8
Suppose -4*h + 90 = 2*c, -5*h - 5*c + 27 = -88. Calculate the remainder when 191 is divided by h.
15
Suppose 0 = 18*z - 7*z - 22. Let x = -23 - -57. What is the remainder when (2/(-4))/(z/(-404)) is divided by x?
33
Let v be (-6)/4 + 2 - 33/(-22). Suppose 15*t = v*t - 117. Let q(a) = -7*a - 50. Calculate the remainder when 62 is divided by q(t).
10
Let x = -2813 + 2818. What is the remainder when 56 is divided by x?
1
Suppose 0*d + 268 = 4*d + 3*y, 5*d - 3*y = 308. Let n = -22917 - -23165. Calculate the remainder when n is divided by d.
56
Suppose 0 = 583*s - 587*s + d + 362, 3*s - 243 = -4*d. What is the remainder when s is divided by 27?
8
Calculate the remainder when 356 is divided by 55/(-11) + 19 - ((-1 - 1) + -5).
20
What is the remainder when 381/((144/54)/(8/3)) is divided by 336?
45
Let o be (154/44)/((-2)/20). Let r(u) = 6*u + 234. Calculate the remainder when 45 is divided by r(o).
21
Suppose 3*t = -48*f + 47*f + 304, 912 = 3*f + 5*t. Calculate the remainder when f is divided by 119.
66
Let x be 3/(-4)*2 - 102/(-4). Suppose -5*h - j = 4*j - 70, -j = -h + x. Calculate the remainder when 33 is divided by h + (-4)/(-8)*-2.
15
Let o(i) = -312*i - 13395. What is the remainder when o(-52) is divided by 13?
8
Let m = -454 - -618. Calculate the remainder when m is divided by 12/18 + (-164)/(-6).
24
Let s be -1 + -2 + 26/2. Suppose -27*c - s*c = -629. Calculate the remainder when 67 is divided by c.
16
Let g = 217 - 208. Let b(m) = m**2 - 2*m - 16. What is the remainder when 186 is divided by b(g)?
45
Let f be 0/(6 - (11 + -7)). Suppose f*z = 25*z - 1700. What is the remainder when z is divided by 10?
8
Suppose 81125 = 10*v - 17725. What is the remainder when v is divided by 206?
203
What is the remainder when 557 + 25/5 - 4 is divided by 10?
8
Suppose 2*d - 2*n - n - 233 = 0, -461 = -4*d + 5*n. Suppose 5*j + 4*i - d = 106, 4*j = -5*i + 181. Calculate the remainder when j is divided by 18.
3
Let k = -75 + 114. Let y = 45 - k. What is the remainder when 30 is divided by (-400)/(-24) + 2/y?
13
Suppose 2*s - 5*i - 492 = -2*i, -5*s + 1201 = 7*i. Suppose 16*l - 15*l = 41. Calculate the remainder when s is divided by l.
38
Suppose 5*u = 5*h + 3830, -3*u - 298 + 2598 = -2*h. Calculate the remainder when u is divided by 71.
58
Suppose 3*y = 3*c + 3, 0*y + y + 15 = 5*c. Suppose y*b = 3*l - 59, l + 5*b = 4*b + 9. Calculate the remainder when l is divided by (35/(-3))/((-45)/27).
6
Let g(n) = -28*n - 331. What is the remainder when g(-66) is divided by 169?
165
Calculate the remainder when (-2630)/(-75)*(-2 - 1)*(-30)/3 is divided by 27.
26
Suppose 0 = -5*l - 5*j - 59 + 9, -5*l - 70 = -5*j. Suppose -5*d = -4*m - 5, 2*m = -2*m + 4*d. Calculate the remainder when 5 is divided by m*1/(-3 + (-56)/l).
2
Let w(n) = 442*n**2 + 222*n + 7. Calculate the remainder when w(7) is divided by 18.
17
Suppose -4*i + n + 1216 = 0, -i = -2*i + 5*n + 304. What is the remainder when i is divided by 99?
7
Suppose 3*l - 405 = -5*d - d, d + 504 = 4*l. Calculate the remainder when 897 is divided by l.
8
Suppose 6445 + 25404 = 30*p - 2381. What is the remainder when p is divided by 369?
34
Suppose 42*f + 1515 - 4833 = 0. Let n = -4 - -10. Suppose 0 = -4*x - 5*v + 83, -2*x + n*v - v = -f. Calculate the remainder when x is divided by 15.
12
Calculate the remainder when -4 + (919 - ((-1144)/(-165) - (-1)/15)) is divided by 84.
68
Calculate the remainder when 379 is divided by -1284*(915/90)/(-61).
165
Suppose 163*l - 80*l = 80*l + 17058. Calculate the remainder when l is divided by 158.
156
Let h(w) be the third derivative of w**5/60 - w**4/8 + 2*w**3/3 + 16*w**2. What is the remainder when h(0) is divided by (1 + 0)/(7/21)?
1
Let v be ((-1880)/12)/((-4)/(-24)). Let j(z) = 4*z**2 - 4*z - 2. Calculate the remainder when j(-3) is divided by (-10)/(-4) + v/(-40).
20
Let g = -131 + 136. Suppose 42 = -4*a + 2*b, -2 = -a - b - g. What is the remainder when 152 is divided by (-642)/(-24) + 6/a?
22
Suppose 0 = 42*x + 688 - 10763 - 509. What is the remainder when 2025 is divided by x?
9
Let m = 19075 - 19031. Calculate the remainder when 973 is divided by m.
5
Let 